{"id":547,"date":"2017-09-21T11:38:13","date_gmt":"2017-09-21T11:38:13","guid":{"rendered":"https:\/\/mia24.ee\/infonurk\/?page_id=547"},"modified":"2019-03-15T17:29:40","modified_gmt":"2019-03-15T14:29:40","slug":"kusimused-ja-vastused-biolatte-probiootikumide-kohta","status":"publish","type":"page","link":"https:\/\/mia24.ee\/infonurk\/kusimused-ja-vastused-biolatte-probiootikumide-kohta\/","title":{"rendered":"K\u00fcsimused ja vastused Biolatte probiootikumide ja ens\u00fc\u00fcmide kohta"},"content":{"rendered":"<h1>K\u00fcsimused ja vastused Biolatte probiootikumide ja ens\u00fc\u00fcmide kohta<\/h1>\n<h2>Biolatte alguslugu<\/h2>\n<p>Biolatte tootja Yves Delatte t\u00f5i piimhappebakterid Soome 1984. aastal, sest avastas, et nende abil konserveeritud s\u00f6\u00f6dad m\u00f5jutavad positiivseltloomade vastupanuv\u00f5imet ja tervist. S\u00f6\u00f6das esinevad piimhappebakterid v\u00e4hendasid suremust, antibiootikumide vajadust, t\u00f5stsid s\u00fcndivust, parandasid karvkatte ja v\u00e4ljaheidete kvaliteeti. Ta avastas esimesena, et 70% vastupanuv\u00f5imest peitub soolestikus.<\/p>\n<h2>\u00a0<a href=\"https:\/\/mia24.ee\/tootja\/biolatte\"><img loading=\"lazy\" decoding=\"async\" class=\"size-full wp-image-552\" src=\"https:\/\/mia24.ee\/infonurk\/wp-content\/uploads\/2017\/09\/Parimad.png\" alt=\"Biolatte\" width=\"600\" height=\"200\" srcset=\"https:\/\/mia24.ee\/infonurk\/wp-content\/uploads\/2017\/09\/Parimad.png 600w, https:\/\/mia24.ee\/infonurk\/wp-content\/uploads\/2017\/09\/Parimad-300x100.png 300w\" sizes=\"auto, (max-width: 600px) 100vw, 600px\" \/><\/a><\/h2>\n<h2>T\u00e4nap\u00e4ev<\/h2>\n<p>J\u00e4rjest sagenevad soolestiku- ja seedeh\u00e4ired andsid Delattele t\u00f5uke arendada muidki tooteid. T\u00e4nu sellele kuuluvad tootevalikusse lisaks piimhappebakteri preparaatidele seedeens\u00fc\u00fcmid, organismi puhastavad tooted ja limaskesti tugevdav Boulardii. Delatte Biolatte tootesarja kuulub t\u00e4nap\u00e4eval \u00fcle k\u00fcmne toote, mis toetavad soolestikku, limaskesti ja seedimist. Valmistamisel j\u00e4lgitakse rangelt puhtuse ja parima kvaliteedi n\u00f5udeid.<\/p>\n<h2>Abiks<\/h2>\n<p>Tihti esitatakse meile k\u00fcsimusi nii toodete manustamise, koostise ja valiku koha pealt. Oleme koostanud informatiivse materjali, mis tugineb meie klientide kogemustele ja tootjapoolsele infole. Tuletame meelde, et tegemist ei ole ravimitega, kuid soovitame siiski konsulteerida asjatundjaga, kes oskab anda personaalset n\u00f5u. Meie poolt koostatud materjal on vaid kiireks infoks ja \u00fclevaateks.<\/p>\n<p>Tervislik toitumine, k\u00fcllaldane puhta vee joomine, piisav aktiivsus ja uneaeg on tervislikkuse alused. Toidulisandid ei asenda mitmek\u00fclgset toitumist. Mitte miski ei asenda tervislikku eluviisi.<\/p>\n<p><a href=\"https:\/\/mia24.ee\/infonurk\/kusimused-ja-vastused-biolatte-probiootikumide-kohta\/biolatte-toodete-manustamine\/\">KUIDAS BIOLATTE TOOTEID MANUSTADA?<\/a><\/p>\n<p><a href=\"https:\/\/mia24.ee\/infonurk\/kusimused-ja-vastused-biolatte-probiootikumide-kohta\/millist-toodet-valida\/\">MILLIST BIOLATTE TOODET VALIDA?<\/a><\/p>\n<p><a href=\"https:\/\/mia24.ee\/infonurk\/kusimused-ja-vastused-biolatte-probiootikumide-kohta\/kuidas-ja-millest-tehtud\/\">KUIDAS JA MILLEST TEHAKSE?<\/a><\/p>\n<p>&nbsp;<\/p>\n<p>&nbsp;<\/p>\n","protected":false},"excerpt":{"rendered":"<p>K\u00fcsimused ja vastused Biolatte probiootikumide ja ens\u00fc\u00fcmide kohta Biolatte alguslugu Biolatte tootja Yves Delatte t\u00f5i piimhappebakterid Soome 1984. aastal, sest avastas, et nende abil konserveeritud s\u00f6\u00f6dad m\u00f5jutavad positiivseltloomade vastupanuv\u00f5imet ja tervist. S\u00f6\u00f6das esinevad piimhappebakterid v\u00e4hendasid suremust, antibiootikumide vajadust, t\u00f5stsid s\u00fcndivust, parandasid karvkatte ja v\u00e4ljaheidete kvaliteeti. Ta avastas esimesena, et 70% vastupanuv\u00f5imest peitub soolestikus. \u00a0 T\u00e4nap\u00e4ev J\u00e4rjest sagenevad soolestiku- ja seedeh\u00e4ired &#8230;<\/p>\n","protected":false},"author":2,"featured_media":0,"parent":0,"menu_order":0,"comment_status":"closed","ping_status":"closed","template":"","meta":{"_monsterinsights_skip_tracking":false,"_monsterinsights_sitenote_active":false,"_monsterinsights_sitenote_note":"","_monsterinsights_sitenote_category":0,"footnotes":""},"class_list":["post-547","page","type-page","status-publish","hentry","no-post-thumbnail"],"yoast_head":"<!-- This site is optimized with the Yoast SEO plugin v27.4 - https:\/\/yoast.com\/product\/yoast-seo-wordpress\/ -->\n<title>Biolatte k\u00fcsimused ja vastused saad teada siit! K\u00dcSI JULGELT!<\/title>\n<meta name=\"description\" content=\"Biolatte piimhappebakterid, ens\u00fc\u00fcmid jne- kuidas tarbida? Milline valida? Mida sisaldavad? Milleks vajalikud? Siit leiad kogu info!\" \/>\n<meta name=\"robots\" content=\"index, follow, max-snippet:-1, max-image-preview:large, max-video-preview:-1\" \/>\n<link rel=\"canonical\" href=\"https:\/\/mia24.ee\/infonurk\/kusimused-ja-vastused-biolatte-probiootikumide-kohta\/\" \/>\n<meta property=\"og:locale\" content=\"et_EE\" \/>\n<meta property=\"og:type\" content=\"article\" \/>\n<meta property=\"og:title\" content=\"Biolatte k\u00fcsimused ja vastused saad teada siit! K\u00dcSI JULGELT!\" \/>\n<meta property=\"og:description\" content=\"Biolatte piimhappebakterid, ens\u00fc\u00fcmid jne- kuidas tarbida? Milline valida? Mida sisaldavad? Milleks vajalikud? Siit leiad kogu info!\" \/>\n<meta property=\"og:url\" content=\"https:\/\/mia24.ee\/infonurk\/kusimused-ja-vastused-biolatte-probiootikumide-kohta\/\" \/>\n<meta property=\"og:site_name\" content=\"Mia24.ee | Tervise- ja ilublogi\" \/>\n<meta property=\"article:publisher\" content=\"https:\/\/www.facebook.com\/mia24.ee\" \/>\n<meta property=\"article:modified_time\" content=\"2019-03-15T14:29:40+00:00\" \/>\n<meta property=\"og:image\" content=\"https:\/\/mia24.ee\/infonurk\/wp-content\/uploads\/2017\/09\/Parimad.png\" \/>\n<meta name=\"twitter:card\" content=\"summary_large_image\" \/>\n<meta name=\"twitter:label1\" content=\"Est. reading time\" \/>\n\t<meta name=\"twitter:data1\" content=\"1 minut\" \/>\n<script type=\"application\/ld+json\" class=\"yoast-schema-graph\">{\"@context\":\"https:\\\/\\\/schema.org\",\"@graph\":[{\"@type\":\"WebPage\",\"@id\":\"https:\\\/\\\/mia24.ee\\\/infonurk\\\/kusimused-ja-vastused-biolatte-probiootikumide-kohta\\\/\",\"url\":\"https:\\\/\\\/mia24.ee\\\/infonurk\\\/kusimused-ja-vastused-biolatte-probiootikumide-kohta\\\/\",\"name\":\"Biolatte k\u00fcsimused ja vastused saad teada siit! K\u00dcSI JULGELT!\",\"isPartOf\":{\"@id\":\"https:\\\/\\\/mia24.ee\\\/infonurk\\\/#website\"},\"primaryImageOfPage\":{\"@id\":\"https:\\\/\\\/mia24.ee\\\/infonurk\\\/kusimused-ja-vastused-biolatte-probiootikumide-kohta\\\/#primaryimage\"},\"image\":{\"@id\":\"https:\\\/\\\/mia24.ee\\\/infonurk\\\/kusimused-ja-vastused-biolatte-probiootikumide-kohta\\\/#primaryimage\"},\"thumbnailUrl\":\"https:\\\/\\\/mia24.ee\\\/infonurk\\\/wp-content\\\/uploads\\\/2017\\\/09\\\/Parimad.png\",\"datePublished\":\"2017-09-21T11:38:13+00:00\",\"dateModified\":\"2019-03-15T14:29:40+00:00\",\"description\":\"Biolatte piimhappebakterid, ens\u00fc\u00fcmid jne- kuidas tarbida? Milline valida? Mida sisaldavad? Milleks vajalikud? Siit leiad kogu info!\",\"breadcrumb\":{\"@id\":\"https:\\\/\\\/mia24.ee\\\/infonurk\\\/kusimused-ja-vastused-biolatte-probiootikumide-kohta\\\/#breadcrumb\"},\"inLanguage\":\"et\",\"potentialAction\":[{\"@type\":\"ReadAction\",\"target\":[\"https:\\\/\\\/mia24.ee\\\/infonurk\\\/kusimused-ja-vastused-biolatte-probiootikumide-kohta\\\/\"]}]},{\"@type\":\"ImageObject\",\"inLanguage\":\"et\",\"@id\":\"https:\\\/\\\/mia24.ee\\\/infonurk\\\/kusimused-ja-vastused-biolatte-probiootikumide-kohta\\\/#primaryimage\",\"url\":\"https:\\\/\\\/mia24.ee\\\/infonurk\\\/wp-content\\\/uploads\\\/2017\\\/09\\\/Parimad.png\",\"contentUrl\":\"https:\\\/\\\/mia24.ee\\\/infonurk\\\/wp-content\\\/uploads\\\/2017\\\/09\\\/Parimad.png\",\"width\":600,\"height\":200,\"caption\":\"Biolatte tooted e-pood\"},{\"@type\":\"BreadcrumbList\",\"@id\":\"https:\\\/\\\/mia24.ee\\\/infonurk\\\/kusimused-ja-vastused-biolatte-probiootikumide-kohta\\\/#breadcrumb\",\"itemListElement\":[{\"@type\":\"ListItem\",\"position\":1,\"name\":\"Home\",\"item\":\"https:\\\/\\\/mia24.ee\\\/infonurk\\\/\"},{\"@type\":\"ListItem\",\"position\":2,\"name\":\"K\u00fcsimused ja vastused Biolatte probiootikumide ja ens\u00fc\u00fcmide kohta\"}]},{\"@type\":\"WebSite\",\"@id\":\"https:\\\/\\\/mia24.ee\\\/infonurk\\\/#website\",\"url\":\"https:\\\/\\\/mia24.ee\\\/infonurk\\\/\",\"name\":\"Mia24.ee | Tervise- ja ilublogi\",\"description\":\"Toome Sinuni olulisemad ilu- ja terviseteemad.\",\"publisher\":{\"@id\":\"https:\\\/\\\/mia24.ee\\\/infonurk\\\/#organization\"},\"potentialAction\":[{\"@type\":\"SearchAction\",\"target\":{\"@type\":\"EntryPoint\",\"urlTemplate\":\"https:\\\/\\\/mia24.ee\\\/infonurk\\\/?s={search_term_string}\"},\"query-input\":{\"@type\":\"PropertyValueSpecification\",\"valueRequired\":true,\"valueName\":\"search_term_string\"}}],\"inLanguage\":\"et\"},{\"@type\":\"Organization\",\"@id\":\"https:\\\/\\\/mia24.ee\\\/infonurk\\\/#organization\",\"name\":\"Mia24.ee\",\"url\":\"https:\\\/\\\/mia24.ee\\\/infonurk\\\/\",\"logo\":{\"@type\":\"ImageObject\",\"inLanguage\":\"et\",\"@id\":\"https:\\\/\\\/mia24.ee\\\/infonurk\\\/#\\\/schema\\\/logo\\\/image\\\/\",\"url\":\"https:\\\/\\\/mia24.ee\\\/infonurk\\\/wp-content\\\/uploads\\\/2015\\\/01\\\/LOGO.jpg\",\"contentUrl\":\"https:\\\/\\\/mia24.ee\\\/infonurk\\\/wp-content\\\/uploads\\\/2015\\\/01\\\/LOGO.jpg\",\"width\":200,\"height\":71,\"caption\":\"Mia24.ee\"},\"image\":{\"@id\":\"https:\\\/\\\/mia24.ee\\\/infonurk\\\/#\\\/schema\\\/logo\\\/image\\\/\"},\"sameAs\":[\"https:\\\/\\\/www.facebook.com\\\/mia24.ee\"]}]}<\/script>\n<!-- \/ Yoast SEO plugin. -->","yoast_head_json":{"title":"Biolatte k\u00fcsimused ja vastused saad teada siit! K\u00dcSI JULGELT!","description":"Biolatte piimhappebakterid, ens\u00fc\u00fcmid jne- kuidas tarbida? Milline valida? Mida sisaldavad? Milleks vajalikud? Siit leiad kogu info!","robots":{"index":"index","follow":"follow","max-snippet":"max-snippet:-1","max-image-preview":"max-image-preview:large","max-video-preview":"max-video-preview:-1"},"canonical":"https:\/\/mia24.ee\/infonurk\/kusimused-ja-vastused-biolatte-probiootikumide-kohta\/","og_locale":"et_EE","og_type":"article","og_title":"Biolatte k\u00fcsimused ja vastused saad teada siit! K\u00dcSI JULGELT!","og_description":"Biolatte piimhappebakterid, ens\u00fc\u00fcmid jne- kuidas tarbida? Milline valida? Mida sisaldavad? Milleks vajalikud? Siit leiad kogu info!","og_url":"https:\/\/mia24.ee\/infonurk\/kusimused-ja-vastused-biolatte-probiootikumide-kohta\/","og_site_name":"Mia24.ee | Tervise- ja ilublogi","article_publisher":"https:\/\/www.facebook.com\/mia24.ee","article_modified_time":"2019-03-15T14:29:40+00:00","og_image":[{"url":"https:\/\/mia24.ee\/infonurk\/wp-content\/uploads\/2017\/09\/Parimad.png","type":"","width":"","height":""}],"twitter_card":"summary_large_image","twitter_misc":{"Est. reading time":"1 minut"},"schema":{"@context":"https:\/\/schema.org","@graph":[{"@type":"WebPage","@id":"https:\/\/mia24.ee\/infonurk\/kusimused-ja-vastused-biolatte-probiootikumide-kohta\/","url":"https:\/\/mia24.ee\/infonurk\/kusimused-ja-vastused-biolatte-probiootikumide-kohta\/","name":"Biolatte k\u00fcsimused ja vastused saad teada siit! K\u00dcSI JULGELT!","isPartOf":{"@id":"https:\/\/mia24.ee\/infonurk\/#website"},"primaryImageOfPage":{"@id":"https:\/\/mia24.ee\/infonurk\/kusimused-ja-vastused-biolatte-probiootikumide-kohta\/#primaryimage"},"image":{"@id":"https:\/\/mia24.ee\/infonurk\/kusimused-ja-vastused-biolatte-probiootikumide-kohta\/#primaryimage"},"thumbnailUrl":"https:\/\/mia24.ee\/infonurk\/wp-content\/uploads\/2017\/09\/Parimad.png","datePublished":"2017-09-21T11:38:13+00:00","dateModified":"2019-03-15T14:29:40+00:00","description":"Biolatte piimhappebakterid, ens\u00fc\u00fcmid jne- kuidas tarbida? Milline valida? Mida sisaldavad? Milleks vajalikud? Siit leiad kogu info!","breadcrumb":{"@id":"https:\/\/mia24.ee\/infonurk\/kusimused-ja-vastused-biolatte-probiootikumide-kohta\/#breadcrumb"},"inLanguage":"et","potentialAction":[{"@type":"ReadAction","target":["https:\/\/mia24.ee\/infonurk\/kusimused-ja-vastused-biolatte-probiootikumide-kohta\/"]}]},{"@type":"ImageObject","inLanguage":"et","@id":"https:\/\/mia24.ee\/infonurk\/kusimused-ja-vastused-biolatte-probiootikumide-kohta\/#primaryimage","url":"https:\/\/mia24.ee\/infonurk\/wp-content\/uploads\/2017\/09\/Parimad.png","contentUrl":"https:\/\/mia24.ee\/infonurk\/wp-content\/uploads\/2017\/09\/Parimad.png","width":600,"height":200,"caption":"Biolatte tooted e-pood"},{"@type":"BreadcrumbList","@id":"https:\/\/mia24.ee\/infonurk\/kusimused-ja-vastused-biolatte-probiootikumide-kohta\/#breadcrumb","itemListElement":[{"@type":"ListItem","position":1,"name":"Home","item":"https:\/\/mia24.ee\/infonurk\/"},{"@type":"ListItem","position":2,"name":"K\u00fcsimused ja vastused Biolatte probiootikumide ja ens\u00fc\u00fcmide kohta"}]},{"@type":"WebSite","@id":"https:\/\/mia24.ee\/infonurk\/#website","url":"https:\/\/mia24.ee\/infonurk\/","name":"Mia24.ee | Tervise- ja ilublogi","description":"Toome Sinuni olulisemad ilu- ja terviseteemad.","publisher":{"@id":"https:\/\/mia24.ee\/infonurk\/#organization"},"potentialAction":[{"@type":"SearchAction","target":{"@type":"EntryPoint","urlTemplate":"https:\/\/mia24.ee\/infonurk\/?s={search_term_string}"},"query-input":{"@type":"PropertyValueSpecification","valueRequired":true,"valueName":"search_term_string"}}],"inLanguage":"et"},{"@type":"Organization","@id":"https:\/\/mia24.ee\/infonurk\/#organization","name":"Mia24.ee","url":"https:\/\/mia24.ee\/infonurk\/","logo":{"@type":"ImageObject","inLanguage":"et","@id":"https:\/\/mia24.ee\/infonurk\/#\/schema\/logo\/image\/","url":"https:\/\/mia24.ee\/infonurk\/wp-content\/uploads\/2015\/01\/LOGO.jpg","contentUrl":"https:\/\/mia24.ee\/infonurk\/wp-content\/uploads\/2015\/01\/LOGO.jpg","width":200,"height":71,"caption":"Mia24.ee"},"image":{"@id":"https:\/\/mia24.ee\/infonurk\/#\/schema\/logo\/image\/"},"sameAs":["https:\/\/www.facebook.com\/mia24.ee"]}]}},"amp_enabled":true,"_links":{"self":[{"href":"https:\/\/mia24.ee\/infonurk\/wp-json\/wp\/v2\/pages\/547","targetHints":{"allow":["GET"]}}],"collection":[{"href":"https:\/\/mia24.ee\/infonurk\/wp-json\/wp\/v2\/pages"}],"about":[{"href":"https:\/\/mia24.ee\/infonurk\/wp-json\/wp\/v2\/types\/page"}],"author":[{"embeddable":true,"href":"https:\/\/mia24.ee\/infonurk\/wp-json\/wp\/v2\/users\/2"}],"replies":[{"embeddable":true,"href":"https:\/\/mia24.ee\/infonurk\/wp-json\/wp\/v2\/comments?post=547"}],"version-history":[{"count":0,"href":"https:\/\/mia24.ee\/infonurk\/wp-json\/wp\/v2\/pages\/547\/revisions"}],"wp:attachment":[{"href":"https:\/\/mia24.ee\/infonurk\/wp-json\/wp\/v2\/media?parent=547"}],"curies":[{"name":"wp","href":"https:\/\/api.w.org\/{rel}","templated":true}]}}